 digit of 108195701?
0
What is the thousands digit of 101168596?
8
What is the thousands digit of 323532699?
2
What is the units digit of 1196895474?
4
What is the units digit of 26740225?
5
What is the thousands digit of 2936747112?
7
What is the billions digit of 2751539362?
2
What is the tens digit of 193342696?
9
What is the ten thousands digit of 57539992?
3
What is the ten thousands digit of 57985014?
8
What is the hundred thousands digit of 180752257?
7
What is the ten thousands digit of 516505902?
0
What is the thousands digit of 5198617107?
7
What is the tens digit of 2574119703?
0
What is the hundred millions digit of 1562428997?
5
What is the ten thousands digit of 580523611?
2
What is the hundreds digit of 22675315?
3
What is the thousands digit of 774885574?
5
What is the hundred millions digit of 929962918?
9
What is the hundred thousands digit of 112615001?
6
What is the tens digit of 44887422?
2
What is the hundreds digit of 98610067?
0
What is the hundred thousands digit of 6317108860?
1
What is the ten millions digit of 415012007?
1
What is the hundred millions digit of 1238385458?
2
What is the millions digit of 470435178?
0
What is the tens digit of 562313369?
6
What is the hundred thousands digit of 39307081?
3
What is the hundreds digit of 131663748?
7
What is the hundred millions digit of 3844375266?
8
What is the thousands digit of 172113934?
3
What is the tens digit of 948362852?
5
What is the units digit of 2469285676?
6
What is the units digit of 218991692?
2
What is the millions digit of 43256012?
3
What is the hundreds digit of 2070893848?
8
What is the billions digit of 3862492738?
3
What is the ten thousands digit of 110873423?
7
What is the ten thousands digit of 21119469?
1
What is the hundreds digit of 183767626?
6
What is the hundred thousands digit of 79113313?
1
What is the billions digit of 1953968671?
1
What is the hundred thousands digit of 1457656838?
6
What is the hundreds digit of 621403015?
0
What is the hundreds digit of 153271181?
1
What is the hundred thousands digit of 1195937795?
9
What is the millions digit of 89695339?
9
What is the ten millions digit of 176428094?
7
What is the units digit of 217512328?
8
What is the hundreds digit of 100338386?
3
What is the hundred thousands digit of 29758115?
7
What is the units digit of 2771773085?
5
What is the millions digit of 142666598?
2
What is the billions digit of 2208415592?
2
What is the millions digit of 55221269?
5
What is the thousands digit of 282358803?
8
What is the millions digit of 24601150?
4
What is the units digit of 21205629?
9
What is the thousands digit of 1945205426?
5
What is the ten millions digit of 98086802?
9
What is the ten millions digit of 68171435?
6
What is the hundred millions digit of 1898433509?
8
What is the ten thousands digit of 6113530691?
3
What is the tens digit of 7867959?
5
What is the hundreds digit of 40617320?
3
What is the hundreds digit of 26847318?
3
What is the hundred millions digit of 4101763462?
1
What is the ten millions digit of 48763416?
4
What is the thousands digit of 1133135805?
5
What is the tens digit of 1310095540?
4
What is the thousands digit of 31656625?
6
What is the units digit of 161249926?
6
What is the tens digit of 584240187?
8
What is the billions digit of 2420057503?
2
What is the units digit of 267271026?
6
What is the tens digit of 93648174?
7
What is the hundreds digit of 110674163?
1
What is the millions digit of 247024532?
7
What is the hundred millions digit of 590150568?
5
What is the tens digit of 264819183?
8
What is the tens digit of 354578955?
5
What is the hundred millions digit of 115968332?
1
What is the hundreds digit of 11190964?
9
What is the ten thousands digit of 385363114?
6
What is the hundreds digit of 1609455587?
5
What is the tens digit of 506762065?
6
What is the ten millions digit of 274855266?
7
What is the ten thousands digit of 1115765497?
6
What is the thousands digit of 110767654?
7
What is the tens digit of 1730408393?
9
What is the units digit of 225639724?
4
What is the thousands digit of 1805300683?
0
What is the thousands digit of 16586082?
6
What is the tens digit of 430378411?
1
What is the hundred thousands digit of 1653304082?
3
What is the hundred thousands digit of 415237029?
2
What is the tens digit of 2949298967?
6
What is the millions digit of 160352510?
0
What is the millions digit of 7030615135?
0
What is the units digit of 86678932?
2
What is the millions digit of 2378847931?
8
What is the hundred thousands digit of 3233101?
2
What is the ten millions digit of 925022240?
2
What is the millions digit of 767172544?
7
What is the millions digit of 902811901?
2
What is the hundred millions digit of 3764555867?
7
What is the millions digit of 6967140638?
7
What is the billions digit of 1045777943?
1
What is the hundred millions digit of 1031260928?
0
What is the tens digit of 100687156?
5
What is the thousands digit of 474969942?
9
What is the hundreds digit of 535842135?
1
What is the hundred thousands digit of 53214455?
2
What is the hundreds digit of 1713529205?
2
What is the hundred millions digit of 350102534?
3
What is the hundred thousands digit of 12912439?
9
What is the ten millions digit of 67890551?
6
What is the hundred thousands digit of 532726327?
7
What is the hundred thousands digit of 1198972208?
9
What is the hundred thousands digit of 77831322?
8
What is the hundred millions digit of 1117260330?
1
What is the hundreds digit of 75674568?
5
What is the ten thousands digit of 1962680541?
8
What is the hundreds digit of 61803582?
5
What is the hundred thousands digit of 442593495?
5
What is the ten millions digit of 489336754?
8
What is the hundreds digit of 873631567?
5
What is the hundred thousands digit of 257823924?
8
What is the hundreds digit of 34011760?
7
What is the hundred millions digit of 1762411287?
7
What is the thousands digit of 1584006169?
6
What is the hundreds digit of 417638141?
1
What is the millions digit of 3615136202?
5
What is the ten millions digit of 40213420?
4
What is the hundred millions digit of 523331296?
5
What is the millions digit of 1785621803?
5
What is the ten millions digit of 499461253?
9
What is the hundred thousands digit of 6952816123?
8
What is the thousands digit of 721373849?
3
What is the hundred millions digit of 209867153?
2
What is the hundred thousands digit of 1002452085?
4
What is the hundreds digit of 1172456228?
2
What is the thousands digit of 29359129?
9
What is the thousands digit of 116705017?
5
What is the millions digit of 4075038798?
5
What is the hundred millions digit of 447900047?
4
What is the thousands digit of 32449496?
9
What is the hundreds digit of 33908163?
1
What is the hundred thousands digit of 187183800?
1
What is the ten thousands digit of 36714881?
1
What is the units digit of 272867635?
5
What is the hundred thousands digit of 56270244?
2
What is the hundred millions digit of 178408306?
1
What is the thousands digit of 1401681509?
1
What is the thousands digit of 5445880421?
0
What is the units digit of 210766431?
1
What is the ten millions digit of 1196136797?
9
What is the millions digit of 848913873?
8
What is the thousands digit of 519593983?
3
What is the tens digit of 43829700?
0
What is the hundred thousands digit of 59277993?
2
What is the tens digit of 187804411?
1
What is the hundreds digit of 79239092?
0
What is the hundred millions digit of 113983625?
1
What is the millions digit of 186380069?
6
What is the hundreds digit of 27361?
3
What is the hundred thousands digit of 42127468?
1
What is the hundreds digit of 2479703909?
9
What is the thousands digit of 25014996?
4
What is the tens digit of 1270157079?
7
What is the hundred thousands digit of 305678388?
6
What is the millions digit of 10260331?
0
What is the ten thousands digit of 135550623?
5
What is the hundreds digit of 128369384?
3
What is the units digit of 540279463?
3
What is the millions digit of 164355758?
4
What is the millions digit of 1560014440?
0
What is the thousands digit of 242689336?
9
What is the billions digit of 1600793300?
1
What is the hundred thousands digit of 19926646?
9
What is the hundred thousands digit of 337932913?
9
What is the thousands digit 